g + 9. Determine t(-4).
-19
Let s(m) = 10*m**3 - 9*m**2 - 2381*m - 9445. Determine s(-4).
-705
Let g(q) = 45*q**2 + 1290*q + 4076. Calculate g(-25).
-49
Let j(n) = n**2 - 2049*n - 28872. What is j(-14)?
10
Let l(f) = 7112*f**2 + 14190*f - 7. Give l(-2).
61
Let d(j) = 5438*j + 105569. What is d(-19)?
2247
Let p(s) = -5277*s - 2385214. Give p(-452).
-10
Let j(b) = -b**3 + 19*b**2 + 1285*b - 8313. What is j(44)?
-173
Let u(q) = 2*q**3 + 22*q**2 + 8*q - 142. Give u(-14).
-1430
Let t(n) = 2*n**2 - 37*n - 147. Give t(25).
178
Let p(m) = 3*m**2 - 3849*m + 109139. Determine p(29).
41
Let f(a) = 2117*a - 15251. Determine f(7).
-432
Let r(q) = -542*q**2 - 48*q - 46. What is r(-1)?
-540
Let j(z) = z**3 - 115*z**2 + 650*z - 11082. What is j(110)?
-82
Let v(t) = t**3 - 19*t**2 - 44*t + 22. Determine v(8).
-1034
Let u(s) = -47*s - 2730. Determine u(-23).
-1649
Let l(q) = -861*q + 233337. Calculate l(271).
6
Let r(t) = 4*t**2 - 636*t - 76550. What is r(239)?
-70
Let i(j) = 11*j**3 - 3*j**2 - 5*j - 4. Give i(-1).
-13
Let s(n) = -4*n**2 + 65*n + 65. What is s(18)?
-61
Let z(r) = -39*r**2 + 1506*r + 5539. What is z(42)?
-5
Let o(x) = -212327*x + 26753208. What is o(126)?
6
Let w(j) = -154358*j - 5402534. Give w(-35).
-4
Let k(f) = 865*f + 6762. Calculate k(-8).
-158
Let t(l) = 131*l + 15941. Calculate t(-79).
5592
Let g(w) = 41*w**2 + 2581*w - 11134. Determine g(-67).
-12
Let s(t) = -t**3 + 25*t**2 - 16*t - 60. Determine s(16).
1988
Let b(p) = -5446*p - 1279806. Give b(-235).
4
Let h(c) = -2*c**3 + 137*c**2 - 127*c + 3770. What is h(68)?
-242
Let t(o) = o**3 - 60*o**2 + 323*o + 102. What is t(54)?
48
Let d(p) = 6630*p - 33092. What is d(5)?
58
Let n(d) = -3*d**3 - 17*d**2 - 97*d - 532. Determine n(-7).
343
Let s(k) = 8610*k - 16984. What is s(2)?
236
Let n(y) = -y**2 + 965*y - 49230. Give n(54).
-36
Let x(n) = -999*n + 4392. What is x(3)?
1395
Let c(u) = -1554545*u - 9327272. Determine c(-6).
-2
Let r(u) = -1541*u + 38627. Calculate r(25).
102
Let r(m) = -m**3 - 86*m**2 - 556*m - 6105. What is r(-80)?
-25
Let s(m) = m**3 + 196*m**2 - 307*m - 22126. What is s(-197)?
-456
Let u(q) = -20*q**3 + 233*q**2 - 645*q - 153. Give u(3).
-531
Let l(t) = 95231*t - 68661545. Calculate l(721).
6
Let q(x) = -23*x**2 - 19863*x - 31626. Give q(-862).
268
Let w(h) = -5*h**3 - 208*h**2 + 147*h + 2765. Give w(-42).
119
Let s(v) = -84550*v + 253623. Give s(3).
-27
Let p(g) = -927*g**2 - 12050*g + 46. Determine p(-13).
33
Let v(o) = 160022*o + 2560344. What is v(-16)?
-8
Let g(u) = u**3 + 116*u**2 + 2868*u - 89. Determine g(-36).
343
Let r(f) = -2*f**2 - 99376*f - 1192222. What is r(-12)?
2
Let x(v) = v**3 - 18*v**2 - 72*v + 1085. What is x(23)?
2074
Let m(x) = 187*x**2 - 144164*x - 10015. What is m(771)?
8
Let j(t) = 2*t**2 - 195*t + 1586. What is j(9)?
-7
Let r(g) = -52*g**3 - 318*g**2 + 71*g - 42. Give r(-6).
-684
Let r(j) = -290984*j - 2909845. Calculate r(-10).
-5
Let a(h) = -3*h**3 - 497*h**2 - 274*h + 9229. Calculate a(-165).
-11
Let y(j) = 11351*j + 68219. What is y(-6)?
113
Let y(b) = 2*b**2 - 109*b - 13186. Give y(112).
-306
Let r(d) = d**3 + 149*d**2 - 12542*d + 189. What is r(60)?
69
Let u(d) = -135*d - 20947. Give u(-153).
-292
Let v(w) = 1221*w + 14443. Give v(-12).
-209
Let l(w) = 54*w**3 - 10*w**2 + 25*w - 9. Calculate l(3).
1434
Let n(k) = 361*k**2 - 2*k - 141. Give n(0).
-141
Let b(h) = 93*h + 3069. Determine b(-29).
372
Let t(z) = z**2 - 532*z - 31103. What is t(-52)?
-735
Let r(g) = -g**3 - 96*g**2 - 574*g + 3605. Determine r(-89).
-756
Let g(t) = 3*t**3 + 4*t**2 + 8*t - 35. Calculate g(2).
21
Let y(q) = -3*q**2 - 255*q - 5088. Calculate y(-54).
-66
Let b(w) = 12726*w - 547213. Calculate b(43).
5
Let l(y) = -y**3 + 27*y**2 - 151*y + 287. Determine l(21).
-238
Let t(x) = x**2 - 142570*x - 2994406. Give t(-21).
5
Let q(f) = 175268*f - 525801. Give q(3).
3
Let f(z) = -958*z + 14432. Determine f(15).
62
Let r(l) = -62*l**2 - 948*l + 23. Give r(-15).
293
Let a(l) = -l**3 - 4*l**2 + 606*l + 2961. Determine a(-5).
-44
Let t(p) = -p**2 + 148*p - 4504. Calculate t(42).
-52
Let m(v) = -124*v + 1031. What is m(18)?
-1201
Let x(j) = 214*j**2 - 36377*j - 511. Determine x(170).
-1
Let h(k) = -844*k - 21127. Calculate h(-26).
817
Let j(z) = 267*z**2 + 130*z + 557. What is j(0)?
557
Let d(t) = -t**3 - 6*t**2 + 555*t + 21. Calculate d(21).
-231
Let c(s) = -25*s**2 - 284*s + 3467. Give c(13).
-4450
Let h(k) = -4*k**2 + 125*k + 250. Give h(27).
709
Let a(g) = -3875*g**2 - 23200*g + 287. Give a(-6).
-13
Let d(y) = -28*y**2 + 91*y + 2559. What is d(-9)?
-528
Let t(g) = -g**2 + 81100*g - 10283568. Calculate t(127).
3
Let u(v) = 317*v**3 - 4123*v**2 + 28*v - 45. Determine u(13).
-19
Let k(m) = 3*m**2 + 182*m + 1543. Calculate k(-40).
-937
Let u(q) = -q**3 + 29*q**2 + 11644*q - 11671. Calculate u(1).
1
Let l(q) = 2*q**3 - 46*q**2 - 55*q - 1118. What is l(25)?
7
Let i(l) = 28586*l - 371541. Calculate i(13).
77
Let r(n) = n**2 + 1972*n - 128143. Calculate r(63).
62
Let t(h) = -891*h + 128261. Give t(142).
1739
Let u(x) = -3*x**3 + 634*x**2 - 176*x - 7373. Calculate u(211).
12
Let q(v) = -639*v + 53052. Determine q(83).
15
Let y(j) = -j**3 + 51*j**2 - 4*j - 4176. What is y(50)?
-1876
Let r(o) = 8*o**3 + 83*o**2 + 42*o + 190. What is r(-10)?
70
Let m(b) = 1570*b + 225890. What is m(-144)?
-190
Let r(s) = -s**3 + 1761*s**2 - 15798*s + 267. Calculate r(9).
-3
Let g(r) = -9*r**2 - 408*r + 3313. Calculate g(8).
-527
Let v(n) = n**3 - 441*n**2 + 5141*n + 129. Give v(12).
45
Let m(d) = -d**3 + 25*d**2 - 32677*d + 717469. What is m(22)?
27
Let c(j) = 9201*j + 18957. What is c(-2)?
555
Let s(m) = -160246*m - 1442206. Calculate s(-9).
8
Let f(k) = 363984*k + 6187729. Give f(-17).
1
Let r(f) = f**3 - 181*f**2 + 351*f + 37. Calculate r(179).
-1216
Let w(l) = 7*l**2 + 1145*l + 566. Calculate w(-163).
-86
Let m(l) = -3*l**2 - 325*l + 299. Determine m(-109).
81
Let d(w) = 12581*w - 23081. Calculate d(2).
2081
Let d(r) = 329*r**2 + 268*r - 15. Calculate d(-1).
46
Let j(t) = 2*t**3 + 1740*t**2 - 2532*t - 688044. Determine j(-871).
46
Let d(s) = -1788*s + 8489. What is d(5)?
-451
Let x(j) = -727*j - 40831. Calculate x(-60).
2789
Let y(r) = r**3 + 89*r**2 + 588*r + 1033. Determine y(-82).
-115
Let o(r) = -135127*r - 675600. Give o(-5).
35
Let b(f) = f**3 - 7*f**2 + 58*f - 65. Give b(3).
73
Let r(x) = 349*x - 37280. Calculate r(107).
63
Let d(y) = -33770*y + 135050. Calculate d(4).
-30
Let f(w) = -w**3 - 325*w**2 + 974*w - 52. What is f(3)?
-82
Let d(p) = p**2 - 91*p - 8231. Give d(-56).
1
Let r(y) = 2988*y + 106958. Give r(-34).
5366
Let b(j) = -7*j**2 + 947*j - 8768. Calculate b(126).
-578
Let c(a) = -5832*a + 460752. Calculate c(79).
24
Let b(v) = v**3 + 146*v**2 - 32703*v + 840. Give b(122).
-14
Let h(a) = 3645*a - 22118. Determine h(6).
-248
Let m(h) = -h**2 + 668*h - 35340. Determine m(58).
40
Let l(q) = 3*q**2 + 436*q - 2115. Give l(-150).
-15
Let d(b) = -2*b**3 + 28*b**2 + 52*b + 126. What is d(16)?
-66
Let g(j) = 47*j**3 + 2020*j**2 - 42*j + 41. Give g(-43).
-2
Let n(o) = -o**3 + 24*o**2 - 42*o + 3327. Determine n(27).
6
Let f(v) = 29*v**2 + 2113*v - 441. Calculate f(-73).
-149
Let l(i) = 71*i**2 - 5205*i + 32949. Determine l(7).
-7
Let n(o) = -21*o**2 + 65273*o + 196010. Calculate n(-3).
2
Let i(n) = -n**2 - 66976*n + 870855. Calculate i(13).
-2
Let u(w) = 3*w**2 + 27*w - 72458. Give u(-160).
22
Let z(l) = -54309*l - 543417. What is z(-10)?
-327
Let l(v) = 19044*v + 247564. What is l(-13)?
-8
Let k(q) = 19*q**2 + 1752*q - 1129. What is k(-93)?
266
Let p(y) = 2902*y + 25812. Calculate p(-9).
-306
Let s(r) = -r**3 + 348*r**2 + 2443*r + 14933. Calculate s(355).
23
Let q(d) = -1352*d - 2405. What is q(-2)?
299
Let t(s) = -1918171*s - 7672675. Calculate t(-4).
9
Let a(j) = -1593*j - 150375. Calculate a(-94).
-633
Let v(u) = u**2 + 1245*u + 18479. Give v(-15).
29
Let w(i) = -i**3 + 154*i**2 + 18410*i + 266. Determine w(-79).
29
Let d(s) = 5732*s - 7904435. Give d(1379).
-7
Let r(f) = 11*f**2 - 1013*f - 47. Determine r(92).
-139
Let a(l) = -3*l**3 + 97*l**2 + 1374*l + 60. What is a(43)?
-26
Let p(d) = -18754*d - 1275265. Give p(-68).
7
Let p(r) = -88*r**2 - 14*r - 37. What is p(-1)?
-111
Let i(r) = 15169*r - 424733. Determine i(28).
-1
Let k(a) = -a**3 - 184*a**2 + 766*a + 2616. Calculate k(-188).
-16
